(7) a prime number?
False
Let h(j) = -19032*j + 1849. Is h(-31) a prime number?
True
Let p = -50 - -44. Let y = p + 9. Suppose 0*u - 2*u + y*a = -694, 0 = -4*u + a + 1388. Is u a prime number?
True
Let b be (-9)/(-6) + (-3)/(-6). Suppose 0 = n + 2*n, 3*r - b*n - 201 = 0. Suppose -g + r = -4*a - 18, -397 = -4*g - 3*a. Is g composite?
False
Let j(h) = -824*h + 48 + 68 + 66 - 233. Is j(-13) composite?
True
Let j be 39/(-26)*(-4)/(-3)*-1. Let n(y) = 5 - 14 + 4*y + 9 + 16*y**j - y**3. Is n(11) a prime number?
False
Is (18/((-216)/(-9487884)))/7 a prime number?
True
Is -3 + 9/(45/5720) prime?
False
Let d = 2166 + -1194. Let o be 1513/(-5) + (-6)/15. Let g = d + o. Is g prime?
False
Let f = 74808 + -24787. Is f a composite number?
False
Let r = -422 + 413. Let j(s) = -95*s - 74. Is j(r) a composite number?
True
Let n = -130919 + 200538. Is n composite?
True
Let m(d) = -d**2 + 18*d - 2. Let c be m(17). Suppose -741 + 37296 = c*z. Is z composite?
False
Suppose q - 5 = -0. Suppose -v + 3 = 2*v, -5*v = q*r - 3700. Suppose 6*b - r - 1079 = 0. Is b composite?
True
Let g be (-4437393)/(-38) + (-1)/2. Is 18/135 + g/15 - 4 a prime number?
False
Let g(x) = 1584*x - 3. Let c be (-10 - -2) + -1 + 6. Let a(q) = 1584*q - 2. Let s(o) = c*g(o) + 4*a(o). Is s(1) composite?
True
Let i(w) = -w**3 - 10*w**2 + 2*w + 6. Let d be i(-11). Let u = -31 - -122. Suppose 5*k - 129 - u = -2*a, -5*k + d = a. Is a a composite number?
True
Let w(n) = -4962*n**3 + 0*n**2 + 13 + 4741*n**3 + 0*n**2 + 2*n. Is w(-2) a composite number?
False
Let q be (10 - (3 - -9))*(-3187 + -1). Suppose 81*g - 89*g + q = 0. Is g a prime number?
True
Let b = 3 + -115. Let t = b - -146. Suppose -44*c + 11510 = -t*c. Is c composite?
False
Suppose -30 = -m - 27. Suppose 5*x - 48 = -g + 6*x, m*g - 142 = x. Is g composite?
False
Suppose 18*f + 89*f = 3579899. Is f prime?
True
Suppose -5*k + 72346 = -13*n - 1464700, 2*n + 14 = 0. Is k composite?
True
Let i = -588 - -641. Suppose 43*b - i*b = -37970. Is b prime?
True
Suppose m + p - 22335 = 0, 77736 + 33939 = 5*m - 3*p. Suppose 0 = 59*r - 62*r + m. Is r a prime number?
False
Let q be 13*1*(2 - 1)*-10. Let p = q - -1823. Is p composite?
False
Let o be 0*(-6)/(3 + -9). Suppose 4*f - 13019 = 5*r, 0*f - 4*f + 2*r + 13010 = o. Is f a composite number?
False
Is (1 - (-8)/(-6))*(-13 - -1 - 310827) a composite number?
False
Let a = -333 - -461. Let b = a - -6159. Is b composite?
False
Suppose -4*d - 17651 = -2*q + 26919, -2*d = 4*q - 89140. Is q composite?
True
Let t = -1618817 + 2358646. Is t prime?
True
Let w = 130 - -667. Suppose -y + w - 90 = 0. Is y a composite number?
True
Let n(i) = -i. Let t(x) = 321*x + 2. Let c(u) = 4*n(u) + t(u). Let w = -1696 - -1697. Is c(w) a prime number?
False
Suppose -3*r = r + 9740. Let h = r - -4024. Is h composite?
True
Let a be (-1 + 5)*(-425)/(-10). Suppose 28107 = 7*r + a. Is r a composite number?
True
Let j = -39 - -41. Suppose 5*g + 4*n - 8932 = -874, j*g - 4*n = 3240. Let o = 5261 - g. Is o composite?
True
Let z(n) = 10*n**3 + 2*n**2 - 2*n - 3. Let x be z(-1). Is (3 - 1626/x)*(-15)/(-5) a composite number?
True
Let f be (0 - 1) + (3612/2)/2. Let z = f - -5763. Suppose -10*u = -18115 + z. Is u prime?
False
Let g(f) = -f**2 - 4*f - 59. Let d be g(-10). Let c = 494 - d. Is c prime?
True
Let v(z) be the first derivative of 5*z**2 + 9181*z + 203. Is v(0) a composite number?
False
Let m(a) = -a**3 - 14*a**2 - 2*a - 5. Let q be m(-14). Let u = -21 + q. Suppose u*k - 822 = 160. Is k a prime number?
True
Let b(f) = f**2 - 77. Let w be b(-9). Is (-701)/(-1*(w - 12/4)) prime?
True
Suppose -5674961 = -13*u - 4*a, -44*a + 2182680 = 5*u - 43*a. Is u composite?
True
Let t(b) = -28061*b - 2131. Is t(-6) prime?
False
Let x(a) = a**3 - 84*a**2 - 202*a - 29. Is x(94) prime?
False
Let z(s) = 39*s**3 - 5*s**2 + 9*s - 19. Let k be z(6). Let d = k + 3072. Is d a composite number?
False
Suppose -487173 = -72*u + 464019. Is u a prime number?
False
Is 2 + (3/8 - 3008670/(-48)) a composite number?
False
Suppose -261*q + 70 + 3446 = -249*q. Is q a composite number?
False
Suppose 8*d = -56501 - 155323. Is (2 - (-10)/(-3))/(12/d) prime?
False
Suppose 210*i - 13853271 = 123*i. Is i a prime number?
True
Let x be -4 + (-20)/(-4) + 1. Suppose -7449 + 1487 = -x*b. Let v = b + -1167. Is v composite?
True
Let q be (-2)/(-9) + (-2817)/(-81). Let l = 201 - 208. Is (-10)/q - (-1 - (-2340)/l) a prime number?
False
Let b(y) = 7*y**3 - 4*y**2 - 5*y - 12. Let x be b(13). Suppose -u = -4*w + x + 2730, -17356 = -4*w + 5*u. Is w composite?
False
Let c(b) be the first derivative of -b**4/2 + 23*b**3/6 - 5*b**2/2 - 10. Let h(j) be the second derivative of c(j). Is h(-19) prime?
True
Let t = -63 - -80. Let w = t + -14. Is (-58388)/(-55) + w/(-5) a prime number?
True
Let o = 95764 - 53688. Suppose 18427 + o = 17*g. Is g composite?
False
Suppose -19*q + 22*q + 2991 = 0. Let g = 2396 + q. Is g a prime number?
True
Let s(v) = -53*v - 44*v + 343 - 116. Is s(-18) prime?
True
Suppose k = 10 - 5, 3*v = 4*k + 8287. Let w = -1519 + v. Let j = w - 759. Is j a composite number?
False
Suppose m - 22 = -k, -k + 0*m + 5*m - 2 = 0. Suppose -1016 = k*d - 26*d. Is d a composite number?
False
Suppose 2*i + 27*b - 23*b = 62366, -5*i - 2*b = -155875. Is i a prime number?
False
Let u(p) = 2 + 27 + 72*p**2 + 116*p**2 - 7*p + 104*p**2 + 21*p. Is u(-3) a composite number?
True
Let s(m) = 147*m**3 + 10*m**2 - 22*m - 19. Is s(4) a composite number?
False
Is (174327/(-9))/(38/(-114)) a prime number?
True
Let g = 70 - 69. Let y(s) = 1. Let x(a) = -47*a + 2. Let z(l) = g*y(l) + x(l). Is z(-8) a composite number?
False
Let k be (-24)/(-2)*(28/(-3))/(-14). Is 55/220 - (-45774)/k composite?
True
Let l(h) be the third derivative of 127*h**7/720 - 7*h**6/144 - 2*h**5/15 - 22*h**2. Let f(m) be the third derivative of l(m). Is f(6) a composite number?
True
Let a(s) = 43397*s**3 + 59*s**2 - 115*s - 1. Is a(2) a prime number?
False
Let t(s) = 148*s - 1. Suppose 0 = 10*d + 8*d - 2304. Let i = -125 + d. Is t(i) a prime number?
True
Let r be -3666 - (0 + 3) - 2. Let y = r - -9708. Is y prime?
True
Suppose 7*k = 51*k - 80986 - 14890. Is k composite?
False
Let o = -233 - 398. Let s = o + 1022. Is s a prime number?
False
Let c = -339 + 343. Suppose -c*v - 3*w + 119408 = -5*w, 59696 = 2*v + 3*w. Is v prime?
True
Suppose 0 = 51*t - 33*t - 36*t + 1241586. Is t a prime number?
False
Suppose -30*w = -97*w + 26917451. Is w prime?
False
Suppose -13*c + 562213 + 1722329 = 0. Is (-12)/(-4) - c/(-13) a prime number?
False
Let d be (-34)/(-8) - 4 - 37828/16. Let c = d + 4585. Is c a composite number?
False
Suppose 0 = -4*t + j + 100047, 52*t + 3*j + 125050 = 57*t. Is t a composite number?
False
Suppose 3*f + 7 = j + f, -2*j - 2*f = -8. Suppose 4*a - 44950 = -j*c - 9969, 5*c - 34990 = 5*a. Is c composite?
False
Let k = -1115 - -3413. Suppose 3*j - k = 16527. Suppose -9*g = -14*g + j. Is g a prime number?
False
Let f(h) = -h**2 - 2*h - 1. Let o(i) = -19*i**2 + 9*i + 1. Let l(a) = -5*f(a) - o(a). Is l(3) prime?
True
Suppose 0 = -5*q - 13 - 2, 3*p = -3*q - 3. Suppose 4*v + 2*z - 1247 = -v, p*v = -z + 498. Is v composite?
False
Suppose 8 = 4*k, -2*k + 13 = q + 42. Let c = -32 - q. Is 481 + 0 + (5 - c) a composite number?
True
Suppose 0 = 5*g + 20, 2*c + 14*g = 12*g - 6. Let n(j) = 5897*j**3 - 3*j**2 + 3*j. Is n(c) a composite number?
False
Let f(o) = -2140*o + 41. Let n be f(4). Let r = -5538 - n. Is r prime?
False
Let y = 373315 - 95376. Is y prime?
False
Let f = 12 - 9. Suppose 6*k = -t + f*k + 1088, -2*t + 2173 = 3*k. Is t/2 + (-9)/6 a composite number?
False
Let r(s) = 3734*s + 2653. Is r(36) prime?
True
Let f(r) = -4*r - 37. Let w be f(-13). Suppose 1911 = 12*y - w*y. Let d = 1088 + y. Is d prime?
False
Let j(r) = 8636*r**3 + 3*r**2 - 6*r + 4. Let a be j(2). Let v = -48483 + a. Is v composite?
True
Suppose 4*k - 94544 = 5*d, 72*d + 47266 = 2*k + 71*d. Is k composite?
True
Let s(r) = 23815*r + 5158. Is s(7) a composite number?
False
Suppose -3*o - 2*l = -16 + 315, 0 = 4*l - 20. Suppose -6*d = -7*d - 222. Let b = o - d. Is b composite?
True
Let a = -45109 + 515290. Is a a composite number?
True
Suppose 3*n - 754323 = -2*k, -9908*n + 9913*n - 1257210 = -5*k. Is n a prime number?
False
Let r(x) = -124*x + 281. Let g be r(5). Supp